= d**3 - 1 - 5*d**2 + 4 + 4*d**2. Suppose 0 = -5*a + 4*f - 5, -2*a + f + 45 - 44 = 0. What is k(a)?
21
Let a(t) = 4*t**2 - 6*t - 6. Suppose f = 382 - 376. Let x(n) = 5*n**2 - 6*n - 6. Let q(h) = f*a(h) - 5*x(h). Calculate q(-7).
-13
Let u(r) be the third derivative of r**6/120 + r**5/12 + r**4/24 - 7*r**3/6 + r**2 + 51*r. What is u(-3)?
8
Suppose -140*x + 70 = -145*x. Let v(o) = -o - 12. Let t be v(x). Let m(c) = -c**3 - 3*c + 2. Determine m(t).
-12
Let x = -6471 - -6457. Let k(h) = -h**3 - 16*h**2 - 27*h + 20. What is k(x)?
6
Let x = -18 + 25. Let p(q) = 1 - 15*q + q**2 + 25*q - x*q. Give p(-4).
5
Let h(x) be the second derivative of 1 - 1/2*x**2 + 10/3*x**3 + 47*x. Give h(2).
39
Let u(z) = 3*z - 3. Let d(f) be the second derivative of 0 - 3/2*f**2 + 2/3*f**3 - 18*f. Let v(h) = 5*d(h) - 6*u(h). Calculate v(-3).
-3
Suppose 2*i - 5*i + 18 = 2*b, -2*i = -4. Let g(x) = 10 + b*x - 2*x - 3*x + 0*x. Let f = -63 + 58. Give g(f).
5
Let z(n) be the third derivative of n**5/60 - 11*n**4/24 - 8*n**3/3 + 219*n**2. Give z(9).
-34
Suppose j + s = 6, 62*j - s = 60*j - 12. Let f(u) be the first derivative of u**2 - 2. Calculate f(j).
-4
Let f = -33 - -30. Suppose 8*u - 47 = 17. Let n(m) = u - 11 + 9 - 3*m + 4*m. Calculate n(f).
3
Let u = 14765 + -14790. Let z(k) = -k**3 - 27*k**2 - 49*k - 31. What is z(u)?
-56
Let s(k) = 3*k**2 - 8. Let v(l) = -l**2 + 3*l - 26. Let w(j) = 3*j**2 - j + 1. Let h(o) = -v(o) - 3*w(o). Let z(f) = 4*h(f) + 11*s(f). Calculate z(0).
4
Let o(m) = 3*m + 17. Let f = -2209 + 2194. Determine o(f).
-28
Suppose 2*a - 112 = -102. Suppose 5*j = -a*z - 20, z - 14 = 2*z + 3*j. Let x(y) = -y - 1. Give x(z).
-2
Suppose -16*t + 3*s = -19*t - 3, 5*t = -4*s + 2. Let o(h) = -7*h + 53. What is o(t)?
11
Let j = -1814 + 1820. Let c(r) = -r**2 - r + 39. Calculate c(j).
-3
Let d(r) = -2*r**3 - 2*r**2 - 4*r - 1. Let o(g) = 4*g**3 + 3*g**2 + 7*g + 2. Let a(f) = 5*d(f) + 3*o(f). Let p = -885 - -884. Determine a(p).
-3
Suppose -5*x = -l + 5, -4*x = 2*l - 0*x - 24. Suppose -2*m - 4*u = u + l, 3*m - 7 = -2*u. Let q(t) = -t**3 + 7*t**2 - 6*t + 6. Give q(m).
26
Let m(s) = -3*s - 71. Let c(t) = -t**3 + 33*t**2 + 188*t + 52. Let d be c(38). Give m(d).
1
Let s(y) = 0*y**2 + y + 2 + 4*y**2 - 13*y - y**2. Let k(a) = 91*a + 732. Let f be k(-8). Let v be s(f). Let r(l) = -l**3 + l**2 - 2. Determine r(v).
-6
Let o(k) = -k - k + 0*k - k. Let g be 14/(-8) + 65/(-52) + 1. Calculate o(g).
6
Let u be 5 + (-31)/(-186) + 19/(-6). Let n(l) = l**2 - 2*l**u - 3829*l + 3844*l + 3. Determine n(15).
3
Let g(w) be the second derivative of -7*w**3 - 11*w**2 + 4179*w. Determine g(-4).
146
Let f(o) = 2*o**2 - 2*o. Let d be f(2). Suppose -3*r - 5*g + 6 + 20 = 0, 0 = 4*r - 3*g + d. Let j(y) = y + y**r - 5 + 1 + 5 - 2*y**2. Determine j(0).
1
Let l(h) = h - 1. Suppose -9 = -9*o + 45. Suppose o*x - 15 = x. Let w be x - (-3 - -3) - 3. Calculate l(w).
-1
Let z(l) = l**3 - l**2 - l - 39. Let h be (-4)/5 + 624/80. Suppose -h*p - p = -0*p. Give z(p).
-39
Let s(f) = 1. Let h(m) = -m - 13. Let l(q) = h(q) + 4*s(q). Let z(o) be the first derivative of o**3/3 - 5*o**2 + 18*o + 126. Let a be z(4). Calculate l(a).
-3
Let f(t) = 8*t + 14. Let n be 1 + 2/(-3) - 85/(-51). Let l(h) = -17*h - 33. Let d(b) = n*l(b) + 5*f(b). What is d(3)?
22
Let w(d) = -11*d**2 - 19*d**2 + 2 + 38*d**2 + d**2 + 10*d - 13*d**2. Determine w(3).
-4
Let q(n) be the second derivative of n**3/3 - 3*n**2/2 - 803*n. What is q(-7)?
-17
Let w(s) = 4*s**2 - s + 1. Let g(a) = -a**2. Let z(n) = -7*g(n) - 2*w(n). Let f = -8 - -11. Calculate z(f).
-5
Let q(w) = -w**3 - 12*w**2 - 13*w - 15. Suppose 20 = 12*c - 17*c. Let r be 64/c + (-10)/(-2). Give q(r).
7
Let m(p) be the third derivative of p**5/12 + 11*p**4/24 + 7*p**3/6 - 80*p**2 - 2. Let v(w) = 22*w**2 + 45*w + 28. Let g(c) = -9*m(c) + 2*v(c). What is g(-9)?
-7
Let a(p) = 2*p**2 + 4*p - 1. Let c(q) = 4 + 84*q + 4 - 85*q. Let d be c(11). What is a(d)?
5
Let p(y) = -7*y - 5*y**3 + 30 + 4*y**3 + 7*y**2 - 23. Let f be p(6). Let a(m) = -4*m - 7*m + 5*m + f + m**2. What is a(6)?
1
Let d(r) = r**2 + r + 28. Suppose -4*p = 5*a + 20, -161*a + 159*a = 2*p + 10. Give d(a).
28
Let l(w) = 2*w + w + 0*w + 0*w - 2. Suppose -85*s + 51*s = -170. Calculate l(s).
13
Suppose -84 = 4*y + 4*d, 4*y = -5*d - 28 - 59. Let g(a) = 23*a + 399. Give g(y).
-15
Let w(d) = -d**2 - 11*d + 6. Suppose 0 = -4*q + 5*y - 0*y + 108, 4*q = y + 124. Suppose 0 = 4*x - 4*a + q, -3*a - 9 - 9 = 4*x. Determine w(x).
36
Suppose -2*a + 4*u = u + 111, -5*a - 2*u = 287. Let l = a - -56. Let r be -1 + l + 4/2 + 3. Let x(p) = -p**3 + 4*p**2 - 3*p. Calculate x(r).
0
Suppose 5*g + 120 = 10*g. Let a be 2 + -1 + (g/(-3))/(-2). Let q(u) = -4*u + 4*u**3 - 4 + 1 - 3*u**2 + a*u - 3*u**3. Determine q(4).
17
Let c(t) = -t**2 + 6*t + 4. Let k(m) = -19*m - 121. Let v be k(-27). Let d = 400 - v. Calculate c(d).
-12
Let y(a) = -5*a - 25. Let j = 7638 + -7646. Give y(j).
15
Let n(k) = 26*k + 10. Let q(j) = 539 - 11*j + 534 - 1078. Let d(z) = -3*n(z) - 7*q(z). Calculate d(-14).
19
Let t = -28 + 30. Let j be (-2 - -7)/5 + (t - 1). Let v(r) = -5*r**2 + 2*r. Determine v(j).
-16
Let g(y) = -44*y**2 + 51*y**2 + 1 + 2 - y - 15*y. Let t(j) be the first derivative of -4*j**3/3 + 4*j**2 - j + 1. Let f(w) = 3*g(w) + 5*t(w). Calculate f(3).
-11
Suppose -3*g + 2*h = -275 - 1109, -2*h = -2. Let v(y) = 470 - 4*y - 933 + y + g - y**2. Give v(-7).
-29
Suppose -5*y + 765 = 5*a, 3 - 614 = -4*a - 3*y. Suppose a*d - 1 = 151*d. Let s(i) = -5*i**2 + i. Determine s(d).
-4
Let v(a) be the second derivative of -a**5/20 - 7*a**4/12 - 5*a**3/3 + 7*a**2/2 + 19*a - 14. Give v(-5).
7
Let f(b) = 4*b + 6. Suppose -13*l + 32 = -12*l. Suppose -2*j - l = -0*p + 4*p, 5*j + 20 = 0. Give f(p).
-18
Let k(h) = 8*h**3 - 37 - 60*h + 2*h**3 - 18*h**2 - 11 - 19*h**3 + 8*h**3. Determine k(-14).
8
Let i(d) = -15*d**2 - 2*d - 1. Let t be (0/(-2) + 7 + 3)/2. Suppose -q - 4*n = 2 - 15, -20 = -t*q - 5*n. Suppose -4*c - 3 = q. Give i(c).
-14
Suppose -21 + 85 = -2*s. Let z be 34/(-119) + s/(-14). Let u(l) = l**3 + 0 - 2*l**z - 4*l**2 + 4*l - 12*l - 8. Calculate u(7).
-15
Let o(d) be the first derivative of -d**5/20 + d**4/3 + d**3/2 - 2*d**2 - 95*d + 216. Let f(t) be the first derivative of o(t). Determine f(4).
8
Let a(b) = -5*b + 243*b**2 - 5*b - 244*b**2 + 14. Let o be a(-11). Suppose 5*y - 6 + o = l, -2*l = -3*y + 13. Let p(r) = r**2 + 10*r + 9. Calculate p(l).
-7
Let u(g) = -7*g + 16. Let c(b) = -8*b**2 - 60*b - 66. Let l be c(-6). Give u(l).
-26
Let z(t) = -19 - 22 - 13*t + 0 - 10*t**2 + 9*t**2 + 7. Give z(-10).
-4
Suppose 36 = -19*h - 40. Let s be (-1 - 3)*(4 - (-14)/h). Let o(r) = r**3 + 3*r + 2. What is o(s)?
-12
Let k be ((-12)/8)/((-2)/4). Suppose 7*u - 34 = 36. Let m(t) = -4*t - t**2 + 9 - 1 - u + 3*t. Determine m(k).
-14
Let h(r) be the first derivative of -7*r**3/3 + 31*r**2 + 16*r - 1012. What is h(9)?
7
Let r be (108/(-15) + 6)/((-45)/(-300)). Let m(t) = -8*t + 18. Determine m(r).
82
Suppose 29 = -8*i + 173. Let n(k) = -i + 63 - k - 21 - 26 - 4*k**2. Give n(-1).
-5
Let v(m) = 5*m**3 - 19*m**2 + 6*m + 8. Suppose 20*z - 109*z = 153*z - 726. Give v(z).
-10
Suppose 6*c + 107 - 359 = 0. Let o = -38 + c. Suppose -2*n + o*r + 1 = 3, 12 = -4*r. Let v(d) = d**2 + 6*d - 5. What is v(n)?
2
Let d(n) be the third derivative of -n**6/120 - n**5/4 - 11*n**4/6 + n**3/2 - 976*n**2. Give d(-11).
3
Let b = -1037 - -3331. Let f(i) = 2 - 2 + 4*i + b*i**3 - 2293*i**3 - 6*i**2. Give f(5).
-5
Let o(x) = 3*x**3 + 3*x**2 + 8*x - 4. Suppose 0 = -4*q + 2267 - 2279. Let m(n) = -2*n**3 - 3*n**2 - 7*n + 4. Let j(l) = q*o(l) - 4*m(l). Calculate j(3).
8
Let l(z) be the first derivative of -2/3*z**3 + 1/24*z**4 + 0*z - 16 + 0*z**2 - 1/15*z**5. Let h(i) be the third derivative of l(i). Determine h(3).
-23
Suppose 0*b = 2*b - 30. Suppose 0*o - o - 4*l = b, 5*o + 18 = -l. Let z(i) = 13015*i**3 + 0*i**2 + 2*i**2 - 4*i - i + 4*i - 1 - 13014*i**3. What is z(o)?
-7
Suppose -384*l + 387*l = 12. Let r(z) be the first derivative of z**3/3 - 7*z**2/2 - z + 16. What is r(l)?
-13
Suppose -r + 6*r + 40 = 0. Let w = -1003 - -1011. Let m(x) = -34 + 19 - 5*x - x**2 - w*x**2 - 3*x - x**3 + 11. Give m(r).
-4
Let t(c) = -4*c**2 - 78*c + 18. Let s = -8413 + 8393. Determine t(s).
-22
Let k(y) = 347 + 0*y - 2*y + 339 - 679. Determine k(7).
-